the prime factors of 375616?
2, 5869
What are the prime factors of 4293288?
2, 3, 59629
List the prime factors of 4777769.
4777769
What are the prime factors of 12638790?
2, 3, 5, 317, 443
What are the prime factors of 1324?
2, 331
List the prime factors of 2821775.
5, 11, 31, 331
What are the prime factors of 45727?
11, 4157
List the prime factors of 7213323.
3, 13, 184957
List the prime factors of 3983643.
3, 29, 15263
List the prime factors of 2366090.
2, 5, 236609
List the prime factors of 4409481.
3, 1151, 1277
List the prime factors of 642441.
3, 214147
What are the prime factors of 5030433?
3, 558937
What are the prime factors of 1069202?
2, 534601
What are the prime factors of 9729818?
2, 7, 694987
What are the prime factors of 607692?
2, 3, 89, 569
What are the prime factors of 857715?
3, 5, 211, 271
List the prime factors of 1503134.
2, 751567
List the prime factors of 3869804.
2, 967451
List the prime factors of 565354.
2, 282677
What are the prime factors of 75146?
2, 37573
List the prime factors of 678960.
2, 3, 5, 23, 41
What are the prime factors of 406974?
2, 3, 67829
List the prime factors of 2266889.
1049, 2161
What are the prime factors of 15406409?
3209, 4801
What are the prime factors of 827345?
5, 165469
List the prime factors of 1060899.
3, 7, 1031
List the prime factors of 3925452.
2, 3, 373, 877
What are the prime factors of 77618?
2, 197
List the prime factors of 129398.
2, 23, 29, 97
List the prime factors of 193724.
2, 19, 2549
List the prime factors of 320936.
2, 7, 11, 521
List the prime factors of 3567839.
11, 19, 43, 397
What are the prime factors of 2594008?
2, 324251
List the prime factors of 2991688.
2, 7, 41, 1303
List the prime factors of 2046788.
2, 71, 7207
What are the prime factors of 1909928?
2, 193, 1237
What are the prime factors of 134840?
2, 5, 3371
List the prime factors of 7567338.
2, 3, 1261223
What are the prime factors of 381005?
5, 181, 421
List the prime factors of 211972.
2, 197, 269
What are the prime factors of 408057?
3, 13, 10463
What are the prime factors of 901275?
3, 5, 61, 197
List the prime factors of 345219.
3, 7, 17, 967
What are the prime factors of 827735?
5, 19, 8713
List the prime factors of 10279430.
2, 5, 7, 146849
What are the prime factors of 3476715?
3, 5, 11, 19, 1109
What are the prime factors of 158915?
5, 37, 859
What are the prime factors of 7925851?
7925851
List the prime factors of 79319.
79319
What are the prime factors of 54065?
5, 11, 983
What are the prime factors of 486778?
2, 17, 103, 139
What are the prime factors of 65785?
5, 59, 223
List the prime factors of 15811967.
53, 298339
List the prime factors of 186843.
3, 61, 1021
List the prime factors of 6650590.
2, 5, 373, 1783
List the prime factors of 2708543.
2708543
List the prime factors of 4232599.
7, 107, 5651
List the prime factors of 645749.
13, 3821
What are the prime factors of 212803?
241, 883
What are the prime factors of 128751?
3, 7, 6131
What are the prime factors of 467446?
2, 7, 173, 193
List the prime factors of 3509828.
2, 7, 103, 1217
List the prime factors of 25306679.
167, 151537
List the prime factors of 1118945.
5, 31, 7219
What are the prime factors of 7296921?
3, 810769
What are the prime factors of 290116?
2, 29, 41, 61
List the prime factors of 1985089.
71, 73, 383
List the prime factors of 553770.
2, 3, 5, 7, 293
What are the prime factors of 300023?
300023
What are the prime factors of 624158?
2, 521, 599
List the prime factors of 22053449.
11, 41, 107, 457
List the prime factors of 12455105.
5, 13, 89, 2153
List the prime factors of 3179496.
2, 3, 137, 967
List the prime factors of 4118196.
2, 3, 23, 43, 347
What are the prime factors of 24268394?
2, 12134197
What are the prime factors of 384475?
5, 7, 13
What are the prime factors of 411800?
2, 5, 29, 71
What are the prime factors of 894637?
894637
What are the prime factors of 1261516?
2, 173, 1823
List the prime factors of 358532.
2, 89633
What are the prime factors of 157764?
2, 3, 13147
What are the prime factors of 385124?
2, 96281
List the prime factors of 6263434.
2, 37, 53, 1597
What are the prime factors of 814881?
3, 149, 1823
What are the prime factors of 400970?
2, 5, 101, 397
List the prime factors of 3518.
2, 1759
List the prime factors of 1071343.
7, 13, 61, 193
List the prime factors of 6067379.
6067379
List the prime factors of 1640591.
829, 1979
What are the prime factors of 116434?
2, 58217
List the prime factors of 146659.
17, 8627
What are the prime factors of 10893404?
2, 2723351
List the prime factors of 5649413.
7, 11, 73369
List the prime factors of 2799740.
2, 5, 139987
List the prime factors of 383738.
2, 313, 613
List the prime factors of 3814736.
2, 31, 7691
What are the prime factors of 12825233?
12825233
What are the prime factors of 2816245?
5, 563249
What are the prime factors of 17558811?
3, 1950979
What are the prime factors of 1555579?
1555579
List the prime factors of 4646478.
2, 3, 163, 4751
What are the prime factors of 71173?
103, 691
List the prime factors of 4102859.
179, 22921
What are the prime factors of 13265445?
3, 5, 884363
List the prime factors of 2389039.
79, 30241
What are the prime factors of 5397800?
2, 5, 137, 197
What are the prime factors of 13527380?
2, 5, 137, 4937
List the prime factors of 612811.
612811
List the prime factors of 6280815.
3, 5, 418721
What are the prime factors of 5130098?
2, 2565049
List the prime factors of 304999.
41, 43, 173
What are the prime factors of 131908?
2, 7, 673
List the prime factors of 336125.
5, 2689
What are the prime factors of 4883426?
2, 29, 269, 313
What are the prime factors of 13992363?
3, 7, 11, 61, 331
What are the prime factors of 2105209?
2105209
List the prime factors of 2601210.
2, 3, 5, 31, 2797
List the prime factors of 1791507.
3, 597169
What are the prime factors of 14854174?
2, 127, 58481
What are the prime factors of 10054518?
2, 3, 43, 38971
What are the prime factors of 495547?
13, 38119
List the prime factors of 1745517.
3, 31, 137
List the prime factors of 113644.
2, 28411
What are the prime factors of 150624?
2, 3, 523
What are the prime factors of 233531?
347, 673
List the prime factors of 863740.
2, 5, 19, 2273
List the prime factors of 35216.
2, 31, 71
List the prime factors of 6410417.
13, 493109
What are the prime factors of 4542614?
2, 2271307
List the prime factors of 781874.
2, 313, 1249
List the prime factors of 1083243.
3, 7, 7369
List the prime factors of 222860.
2, 5, 11, 1013
What are the prime factors of 432299?
7, 61757
List the prime factors of 488707.
397, 1231
List the prime factors of 10925049.
3, 53, 68711
List the prime factors of 1488557.
7, 212651
What are the prime factors of 23489372?
2, 5872343
List the prime factors of 18746872.
2, 2343359
What are the prime factors of 1508491?
31, 48661
List the prime factors of 5288645.
5, 67, 15787
What are the prime factors of 14580233?
14580233
What are the prime factors of 10560790?
2, 5, 827, 1277
What are the prime factors of 114188?
2, 28547
What are the prime factors of 1596194?
2, 798097
What are the prime factors of 853298?
2, 17, 25097
List the prime factors of 34750197.
3, 251, 15383
List the prime factors of 5525720.
2, 5, 138143
What are the prime factors of 5008256?
2, 11, 3557
What are the prime factors of 11634952?
2, 7, 67, 443
What are the prime factors of 814753?
73, 11161
What are the prime factors of 429959?
89, 4831
List the prime factors of 24211090.
2, 5, 2421109
What are the prime factors of 300677?
13, 101, 229
What are the prime factors of 943123?
41, 23003
What are the prime factors of 3417349?
13, 73, 277
What are the prime factors of 321111?
3, 7, 1699
List the prime factors of 458720.
2, 5, 47, 61
What are the prime factors of 855929?
571, 1499
What are the prime factors of 24313963?
43, 565441
What are the prime factors of 1012006?
2, 107, 4729
List the prime factors of 71376.
2, 3, 1487
What are the prime factors of 7325880?
2, 3, 5, 41, 1489
What are the prime factors of 9354684?
2, 3, 31, 25147
List the prime factors of 209560.
2, 5, 13, 31
List the prime factors of 242711.
7, 34673
What are the prime factors of 25423867?
7, 59, 61559
List the prime factors of 328524.
2, 3, 7, 3911
What are the prime factors 